mon factor of 6916 and 468?
52
What is the greatest common factor of 2265 and 365?
5
What is the highest common factor of 1136 and 309844?
284
Calculate the greatest common factor of 7500 and 12300.
300
Calculate the greatest common divisor of 2808 and 889668.
468
Calculate the greatest common divisor of 361 and 264974.
361
Calculate the greatest common factor of 978428 and 740.
148
What is the highest common divisor of 105 and 1326185?
35
Calculate the greatest common factor of 13447 and 252329.
791
What is the greatest common factor of 570 and 66405?
285
Calculate the greatest common divisor of 640 and 30640.
80
What is the greatest common divisor of 15953 and 5117?
301
What is the greatest common divisor of 416 and 4448?
32
What is the greatest common factor of 2050 and 9348?
82
Calculate the greatest common factor of 2086 and 4.
2
Calculate the greatest common divisor of 72 and 123597.
9
What is the greatest common divisor of 1710 and 1387?
19
What is the highest common factor of 8474 and 19178?
446
What is the greatest common factor of 21 and 427?
7
What is the highest common divisor of 94247 and 196845?
1193
Calculate the greatest common divisor of 20496 and 11956.
1708
Calculate the highest common factor of 3796 and 1327651.
949
Calculate the greatest common divisor of 105565 and 1505.
215
Calculate the highest common factor of 422171 and 591.
197
What is the highest common factor of 4873 and 26444?
11
What is the greatest common factor of 99 and 206019?
99
What is the highest common factor of 154 and 723016?
14
Calculate the greatest common factor of 475 and 156997.
19
What is the greatest common factor of 7750 and 9827?
31
What is the greatest common divisor of 1287 and 28512?
99
What is the greatest common divisor of 17280 and 5640?
120
Calculate the greatest common factor of 13 and 12307061.
13
Calculate the highest common divisor of 27097 and 474.
79
What is the highest common factor of 270 and 49030?
10
Calculate the highest common divisor of 28000 and 27500.
500
What is the highest common divisor of 168 and 150927?
21
Calculate the greatest common divisor of 225216 and 1360.
272
What is the greatest common divisor of 60543 and 1701?
63
Calculate the greatest common factor of 3888742 and 286.
286
Calculate the highest common divisor of 36 and 175311.
9
What is the highest common factor of 99 and 17952?
33
What is the greatest common factor of 1116055 and 5?
5
Calculate the greatest common divisor of 1638 and 2314.
26
Calculate the greatest common factor of 66762 and 72.
18
Calculate the highest common divisor of 67652 and 104.
52
What is the highest common factor of 21210 and 1134?
42
Calculate the greatest common divisor of 1361885 and 14.
7
What is the highest common divisor of 187 and 11561?
11
What is the greatest common factor of 171390 and 696?
174
Calculate the highest common factor of 40016 and 7442.
122
What is the greatest common divisor of 233 and 85?
1
Calculate the highest common factor of 155 and 960.
5
What is the highest common divisor of 122 and 4819?
61
Calculate the greatest common factor of 4910 and 6530.
10
What is the greatest common factor of 3367266 and 126?
42
What is the greatest common divisor of 114 and 212078?
38
Calculate the greatest common divisor of 45322 and 136.
34
What is the greatest common factor of 264 and 596244?
132
Calculate the greatest common divisor of 23 and 635.
1
Calculate the greatest common factor of 1215323 and 263.
263
What is the highest common factor of 171 and 61617?
57
What is the highest common factor of 942675 and 325?
25
Calculate the greatest common factor of 6384 and 11248.
304
Calculate the highest common factor of 986014 and 654.
218
Calculate the highest common divisor of 88 and 11608.
8
What is the greatest common divisor of 1534 and 1298?
118
What is the greatest common divisor of 190488 and 1704?
24
What is the greatest common divisor of 561 and 18051?
33
Calculate the greatest common divisor of 9652 and 145160.
76
What is the highest common factor of 49494 and 9831?
339
What is the greatest common divisor of 1136 and 720?
16
Calculate the greatest common divisor of 903 and 6493.
43
What is the greatest common divisor of 290 and 63568?
58
What is the highest common divisor of 36 and 2066202?
18
What is the greatest common divisor of 22 and 2372260?
22
Calculate the greatest common factor of 77626 and 222.
74
What is the greatest common divisor of 235667 and 1018?
509
What is the greatest common factor of 15075627 and 7?
7
Calculate the highest common factor of 28 and 1112062.
14
Calculate the highest common factor of 425 and 581825.
425
What is the highest common factor of 117928 and 376?
8
Calculate the highest common divisor of 43877 and 29.
29
What is the greatest common factor of 23225 and 25?
25
Calculate the highest common divisor of 750 and 813250.
250
Calculate the highest common factor of 73 and 161111.
73
What is the highest common factor of 7986 and 1606?
22
Calculate the greatest common divisor of 1640 and 2760.
40
Calculate the greatest common factor of 34056 and 2064.
1032
What is the highest common divisor of 779900 and 275?
275
What is the highest common divisor of 3624 and 35787?
453
Calculate the highest common factor of 1024 and 12.
4
What is the highest common divisor of 5382 and 1989?
117
What is the highest common factor of 735 and 1376655?
735
Calculate the greatest common divisor of 9251 and 682.
11
Calculate the greatest common factor of 4 and 49964.
4
Calculate the highest common divisor of 15353296 and 112.
112
What is the highest common factor of 2536 and 424?
8
Calculate the greatest common divisor of 32720 and 6320.
80
Calculate the highest common factor of 20066 and 23114.
254
What is the greatest common factor of 30 and 1242?
6
Calculate the highest common factor of 2457 and 13195.
91
Calculate the greatest common divisor of 382 and 1357628.
382
What is the highest common factor of 64716 and 18?
6
Calculate the greatest common divisor of 55 and 88055.
55
What is the greatest common factor of 380 and 305170?
10
Calculate the greatest common factor of 490 and 3370.
10
Calculate the greatest common factor of 2220480 and 16.
16
What is the greatest common divisor of 244 and 4693828?
244
What is the greatest common divisor of 805696 and 128?
64
Calculate the highest common factor of 5092 and 304.
76
Calculate the highest common factor of 522 and 36192.
174
What is the greatest common divisor of 442561 and 34?
17
What is the highest common factor of 58235 and 1839?
613
Calculate the highest common factor of 74780 and 20.
20
Calculate the greatest common factor of 183 and 96075.
183
What is the greatest common factor of 460 and 7406920?
460
What is the greatest common factor of 2280 and 2766780?
1140
Calculate the greatest common divisor of 487 and 4056223.
487
What is the highest common divisor of 3483 and 989?
43
Calculate the highest common divisor of 18030 and 18.
6
Calculate the greatest common factor of 40 and 30344.
8
Calculate the highest common factor of 68514 and 247.
19
What is the highest common factor of 160 and 771560?
40
What is the highest common divisor of 12221 and 41382?
121
What is the greatest common factor of 18106 and 4224?
22
What is the highest common divisor of 89320 and 22939?
203
What is the highest common factor of 57356 and 1144?
52
Calculate the greatest common divisor of 650 and 61130.
10
What is the highest common divisor of 518 and 7826?
14
Calculate the greatest common factor of 6105770 and 517.
517
What is the highest common factor of 42237 and 34371?
171
Calculate the highest common divisor of 628 and 3693268.
628
What is the greatest common divisor of 1263 and 2592518?
421
What is the greatest common factor of 974 and 461189?
487
Calculate the highest common divisor of 7 and 159677.
7
What is the greatest common divisor of 75587 and 27119?
577
Calculate the greatest common divisor of 15308 and 3483.
43
Calculate the greatest common factor of 33 and 1485462.
33
What is the highest common divisor of 418821 and 39?
39
What is the highest common factor of 3774 and 13098?
222
Calculate the highest common factor of 7434776 and 328.
328
What is the greatest common factor of 109 and 232388?
109
What is the